 4404131112 (base 5) to base 4.
210001111201
Convert -334431255 (base 6) to base 7.
-102565664
Convert -241300545 (base 6) to base 5.
-2131033134
Convert 55258b (base 15) to base 13.
ac10b4
What is -aa201 (base 12) in base 11?
-143aa1
What is -13103215 (base 6) in base 10?
-428411
-124200204 (base 5) to base 7
-5142661
Convert 1838496 (base 12) to base 16.
4d1bb2
-105a2a (base 16) to base 10
-1071658
What is 22031221 (base 4) in base 14?
11361
What is -20200010220202 (base 3) in base 6?
-203555415
Convert -127829 (base 15) to base 10.
-886089
What is -8a5027 (base 12) in base 8?
-10325737
-13023333012 (base 4) to base 16
-1cbfc6
Convert 125020 (base 9) to base 8.
224072
1011100011011110010111 (base 2) to base 4
23203132113
What is 556754 (base 9) in base 7?
2554651
What is 203210123132 (base 4) in base 15?
c42b1e
What is 46522 (base 8) in base 5?
1113134
What is -41dd8 (base 14) in base 8?
-466652
Convert 3237955 (base 10) to base 9.
6074567
What is -10211220121 (base 3) in base 4?
-102133213
What is -3b28 (base 15) in base 4?
-3011132
Convert -327537 (base 8) to base 7.
-636646
1114034443 (base 5) to base 3
11200100100102
949004 (base 16) to base 15
cc4beb
What is -695a4d (base 14) in base 7?
-42333626
What is -125445423 (base 6) in base 16?
-264dd7
-50523511 (base 7) to base 5
-2034122314
What is 427175 (base 9) in base 12?
1033a2
What is 1143044 (base 5) in base 8?
52221
What is 3714874 (base 10) in base 3?
20222201211221
Convert 28266 (base 9) to base 8.
45350
Convert -533024 (base 7) to base 6.
-1551125
-10707141 (base 8) to base 3
-11101101110001
What is 23323031 (base 8) in base 7?
61153063
Convert -37aa53 (base 11) to base 4.
-2102202122
-2828815 (base 9) to base 15
-20aa95
Convert 3887660 (base 11) to base 14.
c72a5a
Convert 55827 (base 12) to base 15.
2396d
What is 600773 (base 8) in base 11?
125106
What is -132012033123 (base 4) in base 16?
-7863db
Convert 10010101011110001111 (base 2) to base 11.
388a91
Convert 3014121 (base 6) to base 12.
6a341
Convert 54797 (base 13) to base 11.
a4970
241ceb (base 15) to base 11
a7aa27
20340113 (base 5) to base 3
22112200002
What is 118779 (base 10) in base 14?
31403
-18650421 (base 9) to base 3
-122201200110201
-596433 (base 10) to base 5
-123041213
What is -10320342 (base 5) in base 13?
-31595
1721547 (base 8) to base 11
312106
What is 13354346 (base 8) in base 4?
23131203212
What is 1343142 (base 7) in base 9?
302216
What is 24f78 (base 16) in base 13?
53bc5
Convert 14c816 (base 14) to base 12.
2b0184
Convert -40550560 (base 7) to base 16.
-33bc23
Convert -102121022211220 (base 3) to base 12.
-2094bb9
-54a16a (base 12) to base 2
-101001000010001100010
-1494574 (base 10) to base 6
-52011154
What is -601127 (base 8) in base 10?
-197207
What is -89453 (base 11) in base 13?
-47020
-1454401 (base 11) to base 12
-a038a3
Convert 868496 (base 12) to base 2.
1000000111111010110010
Convert -144281 (base 10) to base 7.
-1140434
Convert -16460465 (base 7) to base 2.
-110001001011000110010
Convert 30a212 (base 15) to base 6.
121321142
What is -17c2a24 (base 14) in base 15?
-1075401
1020200111200002 (base 3) to base 6
1435410432
What is -54c71 (base 16) in base 3?
-122122100002
d7a355 (base 15) to base 16
9c9113
18deec (base 16) to base 4
12031323230
Convert 19229 (base 10) to base 9.
28335
Convert -1100111101000000 (base 2) to base 7.
-310453
Convert 3203551 (base 6) to base 3.
21221111211
What is -3a026a (base 11) in base 13?
-190915
381681 (base 9) to base 13
81154
4701826 (base 10) to base 2
10001111011111010000010
What is -a802a0 (base 14) in base 4?
-111230031110
-24717741 (base 8) to base 7
-64403615
Convert -30261412 (base 9) to base 4.
-313111312223
-113132012310 (base 4) to base 14
-b622d6
What is 1966573 (base 12) in base 16?
51cda7
What is -10000010010111001011 (base 2) in base 7?
-4352513
Convert 66624025 (base 7) to base 3.
101211100021001
What is 1110456 (base 7) in base 9?
228046
-388452 (base 10) to base 5
-44412302
What is -2127 (base 14) in base 7?
-22450
-ca29ba (base 13) to base 11
-2752701
What is 2739 (base 14) in base 3?
100110222
What is -712a3 (base 12) in base 6?
-3053523
5b1d (base 14) to base 13
7314
84618 (base 9) to base 11
39005
20101423 (base 5) to base 3
22002221121
Convert 643761 (base 11) to base 5.
230423102
Convert -346001 (base 8) to base 13.
-417a7
What is 1028146 (base 9) in base 13?
163767
-287336 (base 10) to base 5
-33143321
What is -145261 (base 9) in base 11?
-60a90
What is 939691 (base 12) in base 16?
235f8d
-6145566 (base 7) to base 9
-1338253
What is 25a71 (base 13) in base 16?
11101
-196554b (base 14) to base 13
-27c9032
What is -2208072 (base 9) in base 4?
-10201300331
-12123112200 (base 5) to base 6
-1225503151
-545261 (base 7) to base 9
-154885
What is 8a1c (base 16) in base 15?
a721
Convert -1110102002011 (base 3) to base 7.
-6410362
Convert 9928 (base 13) to base 5.
1140303
23312223 (base 6) to base 7
6106440
-8a86c (base 13) to base 9
-423478
-1b05c (base 14) to base 3
-10111012210
What is -1100111110100100 (base 2) in base 11?
-36a34
18c09c (base 16) to base 4
12030002130
What is 201085 (base 9) in base 2?
11101000001111000
Convert -21167141 (base 8) to base 5.
-2124024343
What is -15102024 (base 6) in base 16?
-7f4e0
-186c25 (base 13) to base 12
-257aba
5b531 (base 13) to base 9
275227
-15a836 (base 11) to base 7
-2053463
100010001110001001 (base 2) to base 16
22389
-77898 (base 15) to base 11
-23a503
-201221020112011 (base 3) to base 11
-5a86650
Convert 36256 (base 7) to base 9.
13804
Convert 331037 (base 9) to base 10.
197593
What is 5622d3 (base 16) in base 12?
1a82957
Convert dec08 (base 16) to base 4.
3132300020
Convert -13779 (base 10) to base 13.
-636c
What is -3503545 (base 6) in base 13?
-63a46
What is -2212136 (base 8) in base 7?
-5025543
-1222471 (base 8) to base 7
-2603055
Convert -1120222121 (base 3) to base 11.
-215a8
-14314304 (base 5) to base 4
-210322210
What is -4074160 (base 9) in base 10?
-2174742
312410 (base 6) to base 14
9286
What is -294444 (base 10) in base 13?
-a4037
-11b8e (base 15) to base 4
-31310201
-1133203010 (base 4) to base 5
-100010424
What is -2a064 (base 13) in base 12?
-3999a
Convert 100100021111 (base 3) to base 6.
3535234
What is -1033312 (base 6) in base 13?
-1a47a
What is -253455 (base 7) in base 10?
-46884
2302666 (base 7) to base 5
33133442
-6c0a7 (base 13) to base 4
-300103223
Convert -14d049 (base 14) to base 5.
-141232400
Convert 131131300130 (base 4) to base 14.
1050c68
Convert -122541054 (base 6) to base 14.
-45c41c
Convert 1020211110021 (base 3) to base 6.
22134524
Convert -2b80c (base 15) to base 4.
-202032123
What is 12121122020 (base 3) in base 9?
177566
What is -41537 (base 14) in base 10?
-157437
What is -91864 (base 12) in base 2?
-101110010010001100
-110110110101111100111 (base 2) to base 13
-4abc91
What is -471772 (base 8) in base 13?
-58234
e2239b (base 15) to base 2
101000111110000101100111
32535 (base 10) to base 3
1122122000
Convert -111101000101111101 (base 2) to base 9.
-421231
What is 120102120021 (base 3) in base 15?
5eea1
-337a3 (base 12) to base 13
-25260
-17f9fb (base 16) to base 12
-6393b7
Convert -21237b (base 12) to base 5.
-113204013
-862233 (base 9) to base 5
-112412113
333021332 (base 4) to base 9
433758
Convert -22ecd (base 16) to base 4.
-202323031
Convert 32352230 (base 8) to base 10.
6935704
Convert -11010111110001011100 (base 2) to base 9.
-1586314
What is -11010010011011100 (base 2) in base 12?
-52424
Convert -2d7b83 (base 14) to base 7.
-16366423
Convert 3c3c23 (base 14) to base 10.
2085079
What is 1105254 (base 7) in base 8?
412164
What is -3111233120 (base 4) in base 7?
-10304264
Convert -88984 (base 11) to base 2.
-11111011110111101
-36408223 (base 9) to base 6
-1433025420
296518 (base 15) to base 2
111100111001111111101
-6c0b5 (base 13) to base 8
-602366
What is -21010120010 (base 3) in base 13?
-4bb82
What is 10a30a3 (base 12) in base 13?
87cbc1
What is -515b26 (base 14) in base 12?
-b03786
What is 42123656 (base 7) in base 15?
4a2898
What is 37a6552 (base 12) in base 15?
e5a0ab
Convert -1b05c (base 13) to base 16.
-ce45
What is 172589 (base 12) in base 13?
10c37a
-429900 (base 11) to base 14
-13c2b8
What is 1195216 (base 10) in base 2?
100100011110011010000
W